{"id":99,"date":"2023-04-16T12:37:51","date_gmt":"2023-04-16T11:37:51","guid":{"rendered":"https:\/\/seelenhort.ch\/?page_id=99"},"modified":"2023-04-30T16:53:51","modified_gmt":"2023-04-30T15:53:51","slug":"sei-willkommen","status":"publish","type":"page","link":"https:\/\/seelenhort.ch\/","title":{"rendered":"Sch\u00f6n dass du da bist"},"content":{"rendered":"\n<p><\/p>\n\n\n\n<p><\/p>\n\n\n\n<h1 class=\"wp-block-heading\">Sch\u00f6n dass du da bist<\/h1>\n\n\n\n<p><\/p>\n\n\n\n<p>Als \u00e4rztlich gepr\u00fcfte Aromatologin berate und unterst\u00fctze ich dich von Herzen, kompetent und mit dem n\u00f6tigen Fachwissen.<\/p>\n\n\n\n<p>Egal ob du dich in einer herausfordernden Situation befindest, deine k\u00f6rperliche Gesundheit unterst\u00fctzen m\u00f6chtest oder dich, deine Kinder, Tiere usw. auf seelischer Ebene st\u00e4rken und begleiten willst, die Natur bietet wundervolle M\u00f6glichkeiten uns da abzuholen wo wir es brauchen.<\/p>\n\n\n\n<p>In der ganzheitlichen Ausbildung zur \u00e4rztlich gepr\u00fcften Aromatologin habe ich das Wissen \u00fcber die vielf\u00e4ltigen Anwendungsm\u00f6glichkeiten, Biochemie und Epigenetik, K\u00f6rper und Energiesysteme, vom Symptom zur Ursache, Botanik, Kinder dufte im Alltag unterst\u00fctzen und die Anwendung der \u00e4therischen \u00d6le nach der Lehre der TCM ( traditionelle chinesische Medizin) vermittelt bekommen.<\/p>\n\n\n\n<p>Gerne begleite ich dich in einem ganzheitlichen Ansatz mit der liebevollen Unterst\u00fctzung der Pflanzenwirkstoffe, zu mehr Leichtigkeit, Gesundheit, Freude in ein selbstkompetentes K\u00f6rper und Seelenbewusstsein.<\/p>\n\n\n\n<p>Durch meine Weiterbildungen, meine pers\u00f6nlichen Erfahrungen und meine sensible Wahrnehmung gepr\u00e4gt, begleite ich auch besonders gerne Babys, Kleinkinder, Kinder und Jugendliche und ihre Eltern, in verschiedenen herausfordernden Phasen oder einfach um den Alltag bunter zu machen und sich Gutes zu g\u00f6nnen als Ausgleich vom stressgepr\u00e4gten Leben, um in die Balance zu finden.<\/p>\n\n\n\n<p>Die \u00e4therischen \u00d6le holen uns auf so liebevolle Weise ab und wirken mit Liebe und Verst\u00e4ndnis.<\/p>\n\n\n\n<p>Auf seelischer Ebene genau so wie als Unterst\u00fctzung bei k\u00f6rperlichen Verletzungen und Krankheiten.<\/p>\n\n\n\n<p>Ich liebe es, meinen Kindern bei Kopfschmerzen, Bauchweh, Erk\u00e4ltung, etc. nat\u00fcrliche Wirkstoffe zur Linderung anbieten zu k\u00f6nnen und ihnen so zu Wohlbefinden zu verhelfen, ebenso wie das einfache Handling und die Gewissheit nicht immer gleich zu Medikamenten greifen zu m\u00fcssen.<\/p>\n\n\n\n<p>Mehr dazu erf\u00e4hrst du in der Rubrik \u00c4therische \u00d6le.<\/p>\n","protected":false},"excerpt":{"rendered":"<p>Sch\u00f6n dass du da bist Als \u00e4rztlich gepr\u00fcfte Aromatologin berate und unterst\u00fctze ich dich von Herzen, kompetent und mit dem n\u00f6tigen Fachwissen. Egal ob du dich in einer herausfordernden Situation befindest, deine k\u00f6rperliche Gesundheit unterst\u00fctzen m\u00f6chtest oder dich, deine Kinder, Tiere usw. auf seelischer Ebene st\u00e4rken und begleiten willst, die Natur bietet wundervolle M\u00f6glichkeiten uns [&hellip;]<\/p>\n","protected":false},"author":1,"featured_media":0,"parent":0,"menu_order":0,"comment_status":"closed","ping_status":"closed","template":"","meta":{"_joinchat":[],"footnotes":""},"class_list":["post-99","page","type-page","status-publish","czr-hentry"],"_links":{"self":[{"href":"https:\/\/seelenhort.ch\/index.php?rest_route=\/wp\/v2\/pages\/99","targetHints":{"allow":["GET"]}}],"collection":[{"href":"https:\/\/seelenhort.ch\/index.php?rest_route=\/wp\/v2\/pages"}],"about":[{"href":"https:\/\/seelenhort.ch\/index.php?rest_route=\/wp\/v2\/types\/page"}],"author":[{"embeddable":true,"href":"https:\/\/seelenhort.ch\/index.php?rest_route=\/wp\/v2\/users\/1"}],"replies":[{"embeddable":true,"href":"https:\/\/seelenhort.ch\/index.php?rest_route=%2Fwp%2Fv2%2Fcomments&post=99"}],"version-history":[{"count":16,"href":"https:\/\/seelenhort.ch\/index.php?rest_route=\/wp\/v2\/pages\/99\/revisions"}],"predecessor-version":[{"id":243,"href":"https:\/\/seelenhort.ch\/index.php?rest_route=\/wp\/v2\/pages\/99\/revisions\/243"}],"wp:attachment":[{"href":"https:\/\/seelenhort.ch\/index.php?rest_route=%2Fwp%2Fv2%2Fmedia&parent=99"}],"curies":[{"name":"wp","href":"https:\/\/api.w.org\/{rel}","templated":true}]}}